 - 14871. Calculate i(-37).
3
Let p(n) = 22*n**3 + 268*n**2 - 125*n - 7. Give p(-13).
-1424
Let t(c) = 2676*c + 10668. Calculate t(-4).
-36
Let q(l) = -4080*l + 61227. Determine q(15).
27
Let h(m) = -m**3 + 61*m**2 - 101*m - 669. Give h(59).
334
Let n(v) = -5*v**3 - v**2 - 429*v + 2488. Determine n(6).
-1202
Let j(b) = 24*b**3 - 502*b**2 + 838*b + 690. Determine j(19).
6
Let o(d) = -765*d + 10676. What is o(15)?
-799
Let a(j) = -45*j**3 + 14631*j**2 - 1947*j - 1042. Give a(325).
-67
Let v(g) = 13*g**2 + 384*g - 1005. Give v(-32).
19
Let b(k) = k**3 - 158*k**2 + 5991*k - 568. What is b(95)?
2
Let l(k) = -987*k - 258496. What is l(-262)?
98
Let x(l) = -27*l**3 + 419*l**2 - 1630*l + 43. Calculate x(8).
-5
Let f(t) = -1803*t**2 + 10513*t + 14759. Determine f(7).
3
Let u(z) = -8811*z - 35238. Give u(-4).
6
Let q(k) = 9*k**3 + 10*k**2 - k + 21. What is q(-5)?
-849
Let l(p) = -12234*p + 37501. What is l(3)?
799
Let g(d) = -2*d**3 + 15*d**2 - 421*d + 2519. Calculate g(6).
101
Let p(n) = -n**3 - 117*n**2 - 761*n + 1002. Give p(-110).
12
Let p(f) = 2*f**2 - 31334*f - 1162032. What is p(-37)?
64
Let n(q) = -3*q**3 - 55*q**2 - 33*q + 472. What is n(-16)?
-792
Let c(j) = -15*j**3 - 584*j**2 + 32*j - 415. Calculate c(-39).
-142
Let s(n) = -125830*n - 1509994. Calculate s(-12).
-34
Let i(p) = p**3 + 35*p**2 + 47*p + 438. Determine i(-34).
-4
Let f(n) = 5*n**2 + 492*n + 330. What is f(-97)?
-349
Let c(a) = 472*a**2 - 5183*a - 104. What is c(11)?
-5
Let d(x) = 3*x**2 - 65*x - 607. Determine d(26).
-269
Let r(t) = -11*t**2 - 926*t + 3235. What is r(-88)?
-461
Let m(x) = -105*x**2 + 274*x + 13239. Determine m(-10).
-1
Let v(l) = -38*l + 3971. What is v(107)?
-95
Let y(k) = 71*k - 2447. Calculate y(23).
-814
Let b(q) = 9246*q + 110822. What is b(-12)?
-130
Let z(m) = 221*m - 14623. Determine z(67).
184
Let c(r) = -r**2 + 4*r - 140. Calculate c(-12).
-332
Let a(z) = 3*z**2 - 542*z - 11712. Determine a(-20).
328
Let g(i) = 4749*i - 99714. Calculate g(21).
15
Let v(j) = 86*j**2 - 1496*j + 358. Give v(17).
-220
Let u(j) = -357*j - 19748. Give u(-55).
-113
Let l(r) = 2*r**2 + 158*r - 3651. Determine l(-101).
793
Let n(w) = -w**3 + 78*w**2 + 750*w - 1299. Calculate n(-10).
1
Let s(f) = 1655*f - 134008. Determine s(81).
47
Let c(b) = -7*b**3 - 42*b**2 + b + 12. Give c(-6).
6
Let m(q) = -2*q**3 + 24*q**2 + 696*q - 43. Determine m(25).
1107
Let v(s) = 60*s**2 + 214*s - 974. Determine v(5).
1596
Let i(o) = 4*o**2 + 835*o - 42151. What is i(42)?
-25
Let l(s) = -s**2 + 27*s + 3790. Calculate l(-54).
-584
Let h(s) = -85*s**3 - 52*s**2 - 341*s - 288. Calculate h(-1).
86
Let b(z) = 32114*z + 321117. Determine b(-10).
-23
Let x(v) = 53*v**2 - 2817*v + 14026. Give x(5).
1266
Let g(x) = 12411*x + 893601. What is g(-72)?
9
Let u(k) = -17*k**3 - 72*k**2 + 11*k - 28. Determine u(-5).
242
Let b(r) = -242*r + 59036. Give b(244).
-12
Let s(f) = -60*f**2 + 6542*f - 265. What is s(109)?
-47
Let x(r) = -r**3 - 5013*r**2 - 630042*r - 781. Calculate x(-129).
-7
Let x(b) = -2*b**3 - 3*b**2 + 224*b - 353. Give x(-12).
-17
Let g(y) = -y**2 + 1775*y + 201509. Determine g(-107).
135
Let b(s) = 18*s**2 + 1068*s + 12637. Give b(-12).
2413
Let s(w) = -1945*w - 149743. Give s(-77).
22
Let k(a) = -a**3 + 106*a**2 + 15944*a - 1342. Determine k(-84).
2
Let f(d) = d**3 + 28*d**2 + 92*d - 289. Determine f(-27).
-2044
Let f(c) = c**3 + 37*c**2 - 345*c + 597. What is f(14)?
5763
Let d(o) = o**2 + 77*o - 6146. What is d(49)?
28
Let y(s) = s**2 + 298*s + 7402. Calculate y(-27).
85
Let i(q) = -q**2 + 116*q - 7469. What is i(53)?
-4130
Let c(d) = -d**2 + 35*d - 322. Give c(23).
-46
Let a(b) = -899992*b + 11699909. Calculate a(13).
13
Let k(a) = -4120*a - 26560. Determine k(-6).
-1840
Let q(x) = -167*x - 212. What is q(-4)?
456
Let u(i) = -1659*i + 122743. Calculate u(74).
-23
Let g(a) = 15057*a + 5224792. Calculate g(-347).
13
Let b(h) = -h**3 - 107*h**2 - 893*h - 432. Calculate b(-98).
646
Let p(t) = -557*t - 69362. What is p(-125)?
263
Let c(p) = -11*p**3 - 2508*p**2 + p + 62. Give c(-228).
-166
Let j(h) = 2390*h - 23985. Calculate j(10).
-85
Let j(x) = -99*x - 9970. Determine j(-100).
-70
Let h(t) = 1480*t**2 + 10368*t + 68. What is h(-7)?
12
Let b(f) = 3458*f - 1116938. What is b(323)?
-4
Let h(g) = -g**3 + 224*g**2 - 3137*g + 633. Determine h(209).
215
Let d(v) = -9*v**2 + 1445*v + 12835. Determine d(169).
-9
Let a(l) = -1242*l + 1059. Give a(1).
-183
Let r(s) = 1732*s + 81357. Give r(-47).
-47
Let m(n) = -n**3 + 23*n**2 - 317*n + 3332. What is m(17)?
-323
Let y(b) = -2*b**3 - 10*b**2 - 823*b - 1644. Give y(-2).
-22
Let r(u) = -45*u**2 + 1396*u - 17. Determine r(31).
14
Let g(l) = -2*l**3 + 57*l**2 + 150*l - 7411. Give g(26).
-131
Let l(c) = -c**3 - 54*c**2 - 640*c + 26. Calculate l(-17).
213
Let s(m) = 31*m**3 - 9610*m**2 - 19*m + 5889. Determine s(310).
-1
Let d(n) = n**3 - 11*n**2 + 201*n - 3152. Determine d(17).
1999
Let u(t) = -t**2 - 53701*t - 4182599. Give u(-78).
-5
Let t(y) = 3*y**3 + 134*y**2 - 185*y - 62. Calculate t(-46).
-16
Let f(t) = -3*t**2 + 866*t - 17616. What is f(22)?
-16
Let g(b) = -1186*b**2 - 294*b + 296. Determine g(1).
-1184
Let d(y) = 4664900*y - 65308600. What is d(14)?
0
Let u(b) = b**3 - 54*b**2 + 818*b - 40580. Calculate u(53).
-35
Let h(n) = 9*n**3 - 250*n**2 + 213*n + 5248. What is h(26)?
-30
Let p(y) = -72*y**2 + 803*y + 79. Calculate p(12).
-653
Let k(h) = 2*h**2 + 127*h - 86373. Determine k(-242).
21
Let l(r) = -2*r**2 - 715*r - 16083. Calculate l(-23).
-696
Let h(y) = 3624*y + 485627. Determine h(-134).
11
Let b(w) = -w**2 - 140*w + 18993. Determine b(-226).
-443
Let y(h) = -h**2 + 2282*h - 922436. Determine y(525).
-11
Let n(o) = 1972*o - 17899. Determine n(9).
-151
Let g(j) = 31*j - 1418. Give g(-17).
-1945
Let s(p) = -p**2 - 776039*p + 6984391. Calculate s(9).
-41
Let p(v) = 2*v**3 - 147*v**2 + 328*v - 7592. Calculate p(72).
472
Let c(l) = -31*l**2 + 2081*l + 12474. Give c(-6).
-1128
Let v(s) = -19*s**3 + 6292*s**2 - 997*s + 1325. What is v(331)?
1
Let c(j) = -2*j**3 + j**2 - 14*j - 37. What is c(6)?
-517
Let f(w) = -5*w**2 - 2346*w - 34466. Determine f(-454).
38
Let w(k) = -2753*k - 88154. Calculate w(-32).
-58
Let p(f) = 40*f**3 - 25*f**2 - 23*f + 1. Determine p(-1).
-41
Let l(k) = 2*k**3 - 269*k**2 - 925*k + 141990. What is l(134)?
84
Let m(f) = f**3 + 14*f**2 - 38*f + 29. Determine m(9).
1550
Let z(c) = -c**3 + 33*c**2 - 1814*c + 8366. Give z(5).
-4
Let m(v) = 8*v**3 - 548*v**2 - 198*v - 5447. Determine m(69).
-65
Let m(u) = u**3 + 304*u**2 - 549*u + 19269. What is m(-306)?
-9
Let d(j) = 6*j**2 + 280*j - 2170. Calculate d(8).
454
Let x(j) = -723346*j + 3616730. Give x(5).
0
Let b(m) = 5619*m - 117931. Determine b(21).
68
Let y(x) = -1948*x - 4247. Give y(-3).
1597
Let m(j) = 126*j + 2042. Calculate m(-13).
404
Let h(t) = -130*t**3 - 13*t**2 + 287*t - 280. Calculate h(1).
-136
Let g(h) = 5*h**3 - 1207*h**2 + 2404*h + 23. Calculate g(2).
43
Let v(p) = 2*p**3 + 251*p**2 - 294*p - 52437. Calculate v(-125).
-62
Let y(l) = -l**3 + 98*l**2 + 1847*l - 17172. Give y(113).
4
Let a(v) = 165*v**2 + 39600*v - 38. Determine a(-240).
-38
Let q(v) = -3*v**2 + 24*v + 2893. What is q(-27)?
58
Let o(l) = -5*l**3 - 98*l**2 - 53*l - 123. Calculate o(-19).
-199
Let h(q) = -6*q**2 - 172*q + 182. Calculate h(-30).
-58
Let z(k) = -k**3 + 206*k**2 - 2671*k + 31259. Give z(193).
-7
Let u(n) = 190*n**3 + 2279*n**2 - 19*n - 45. What is u(-12)?
39
Let a(u) = 39*u**2 + 88*u + 55. Give a(-3).
142
Let q(w) = -4*w**3 + 191*w**2 + 32*w + 695. Determine q(48).
-73
Let m(i) = -4116938*i + 152326703. What is m(37)?
-3
Let f(r) = 2*r**2 + 1091*r + 148460. What is f(-277)?
-289
Let i(j) = -116784*j - 2102108. What is i(-18)?
4
Let s(l) = -l**2 + 100*l + 11008. Give s(-67).
-181
Let f(s) = -253*s + 2615. Calculate f(18).
-1939
Let u(i) = 34630*i - 1004275. What is u(29)?
-5
Let x(l) = 4*l**2 - 40979*l - 163925. Calculate x(-4).
55
Let p(d) = 29*d**3 - 130*d**2 + 20*d + 154. Give p(4).
10
Let a(d) = 27*d**3 + 2189*d**2 + 163*d - 73. Determine a(-81).
-154
Let t(p) = 632*p - 192. Calculate t(1).
440
Let p(y) = -67*y**3 - 951*y**2 - 171*y + 157. Determine p(-14).
3
Let q(p) = -44*p**2 - 10692*p - 62568. Calculate q(-6).
0
Let w(m) = -372*m**2 - 99329*m - 1344. Calculate w(-267).
-9
Let x(n) = -55*n - 5